on factor of 13575 and 236878320.
2715
What is the highest common factor of 682530 and 15438?
6
Calculate the greatest common divisor of 24587 and 2048204.
1069
What is the greatest common divisor of 10378955 and 65627?
899
What is the highest common divisor of 2601 and 37859697?
153
What is the highest common factor of 5758848 and 15?
3
What is the highest common divisor of 1132776 and 155160?
72
Calculate the highest common divisor of 147 and 23405781.
147
What is the greatest common factor of 15219555 and 702?
39
Calculate the highest common factor of 8673 and 5990987499.
8673
What is the highest common divisor of 57750 and 116270?
770
Calculate the highest common divisor of 8703 and 17622608.
967
Calculate the highest common divisor of 5684 and 41793472.
196
Calculate the greatest common factor of 26375 and 894750.
125
Calculate the greatest common divisor of 1243499 and 7334.
193
Calculate the highest common factor of 508495 and 325.
65
What is the highest common factor of 30952 and 253976?
424
What is the greatest common divisor of 5589011 and 1113743?
2537
What is the highest common factor of 5170 and 301730?
110
What is the highest common factor of 58 and 81099254?
58
Calculate the greatest common factor of 32664395 and 595.
85
What is the highest common divisor of 359388 and 60300?
2412
Calculate the greatest common divisor of 18194 and 6952589.
827
What is the highest common factor of 598190 and 3310?
10
Calculate the highest common divisor of 1703005 and 80.
5
Calculate the highest common factor of 50603 and 137.
1
Calculate the greatest common divisor of 1857100 and 35770.
490
Calculate the highest common factor of 1021037 and 289.
289
What is the highest common factor of 2572700 and 44200?
1300
Calculate the greatest common divisor of 11509270 and 100.
10
What is the highest common divisor of 16102 and 110386?
194
What is the greatest common factor of 528 and 7610196?
132
Calculate the greatest common divisor of 704 and 37916160.
64
What is the greatest common divisor of 4540871 and 2165?
433
Calculate the greatest common divisor of 9885 and 3165177.
1977
Calculate the highest common divisor of 12626405 and 1903.
1903
What is the highest common factor of 871 and 5630278?
67
What is the greatest common divisor of 30423084 and 7173?
2391
Calculate the highest common divisor of 1371321 and 273.
21
What is the greatest common factor of 92 and 769534?
46
What is the greatest common factor of 208084 and 86?
2
What is the greatest common divisor of 116 and 310693182?
58
What is the highest common factor of 79272374 and 14?
2
What is the greatest common factor of 4476 and 433912392?
4476
What is the highest common divisor of 204 and 11747?
17
What is the greatest common factor of 131567 and 24287?
149
Calculate the greatest common factor of 2232 and 44473964.
124
Calculate the greatest common divisor of 8716414 and 27811.
203
Calculate the greatest common factor of 17848 and 2830266.
194
Calculate the highest common divisor of 19118 and 542443.
121
Calculate the highest common factor of 1626 and 92295825.
813
What is the greatest common factor of 66447 and 39304332?
621
Calculate the greatest common divisor of 3659382 and 98.
2
What is the highest common divisor of 20723442 and 4384?
274
Calculate the highest common divisor of 4820 and 9897388.
964
Calculate the greatest common factor of 185467722 and 748.
374
Calculate the greatest common factor of 44928 and 115452480.
2496
Calculate the greatest common divisor of 62270 and 1954320.
4790
What is the greatest common divisor of 125386320 and 1240?
1240
Calculate the highest common divisor of 27870 and 116621086.
1858
What is the greatest common divisor of 179365 and 170665?
145
Calculate the greatest common divisor of 148 and 161656626.
74
What is the greatest common factor of 477997 and 432679?
1079
What is the highest common factor of 151920150 and 32550?
4650
What is the highest common divisor of 145 and 144737173?
29
What is the greatest common divisor of 932639 and 2638605?
3319
What is the greatest common factor of 876 and 363003?
3
Calculate the greatest common divisor of 1887583 and 521.
521
Calculate the greatest common divisor of 324062 and 51058.
1042
What is the greatest common factor of 26548512 and 172272?
4656
What is the highest common factor of 23478279 and 33?
33
What is the greatest common divisor of 71598670 and 7150?
1430
Calculate the highest common divisor of 725481 and 1835613.
4869
What is the highest common divisor of 159720 and 2122340?
2420
What is the highest common factor of 31 and 16333497?
31
Calculate the highest common factor of 26 and 11888266.
26
What is the highest common divisor of 5018496 and 118272?
2688
What is the greatest common divisor of 498576 and 540312?
1128
What is the greatest common factor of 641037 and 2400394?
1997
What is the highest common divisor of 248 and 339370888?
248
Calculate the highest common factor of 51 and 4298322.
3
Calculate the greatest common divisor of 175 and 180695700.
25
What is the greatest common factor of 1136 and 15790968?
568
What is the highest common factor of 32110 and 15110?
10
Calculate the highest common divisor of 28689732 and 4068.
36
Calculate the highest common divisor of 5313 and 2267727.
231
What is the greatest common factor of 609503007 and 82?
41
What is the greatest common factor of 57446 and 2246?
2
Calculate the highest common factor of 46540725 and 9240.
1155
Calculate the highest common divisor of 1339386 and 107787.
1767
What is the highest common divisor of 84 and 37347672?
12
What is the greatest common divisor of 46355182 and 502?
502
What is the highest common divisor of 43101230 and 1490?
1490
Calculate the greatest common factor of 5074 and 5784446.
86
Calculate the highest common factor of 315282 and 102850.
374
What is the greatest common divisor of 3097825 and 1480?
185
Calculate the highest common factor of 312038166 and 330.
66
What is the highest common factor of 46438 and 164486?
434
What is the highest common divisor of 4764 and 69733050?
2382
What is the greatest common factor of 6320 and 24644840?
3160
Calculate the greatest common factor of 100139610 and 100.
10
Calculate the greatest common divisor of 182675 and 56315049.
7307
What is the greatest common factor of 59 and 261772793?
59
What is the highest common factor of 42058596 and 36?
12
What is the greatest common divisor of 11524 and 4802627?
2881
Calculate the greatest common divisor of 114367 and 277981.
407
What is the highest common factor of 1309184 and 368?
16
What is the greatest common factor of 848 and 22300208?
16
Calculate the greatest common factor of 18125475 and 165.
15
What is the highest common divisor of 1636 and 16512?
4
What is the greatest common factor of 1290661 and 109747?
907
What is the greatest common divisor of 4524 and 1756716?
156
Calculate the greatest common factor of 128686 and 330743.
37
Calculate the greatest common factor of 1602 and 335780802.
1602
What is the greatest common divisor of 71972530 and 7868?
3934
Calculate the highest common factor of 1587769 and 4087.
61
What is the greatest common divisor of 5474665 and 7?
7
What is the greatest common divisor of 504 and 275507064?
504
What is the greatest common factor of 13793400 and 15?
15
What is the highest common factor of 43 and 264223046?
43
Calculate the greatest common divisor of 14847126 and 43.
43
What is the highest common factor of 677 and 32033609?
677
Calculate the highest common factor of 1457 and 90096509.
1457
Calculate the highest common factor of 28 and 696332.
28
Calculate the greatest common divisor of 1088673 and 106.
53
What is the greatest common factor of 208857712 and 224?
112
What is the highest common divisor of 607482335 and 18190?
9095
What is the highest common divisor of 102960105 and 17697?
1041
What is the greatest common factor of 113112 and 108864?
72
What is the greatest common factor of 272 and 60161696?
16
Calculate the highest common factor of 450 and 14950275.
75
What is the highest common factor of 2550 and 2100345?
15
What is the highest common factor of 3199183 and 117585?
871
Calculate the greatest common factor of 567050 and 9086.
22
What is the greatest common divisor of 18267483 